{"id":16,"date":"2025-05-08T19:32:37","date_gmt":"2025-05-08T19:32:37","guid":{"rendered":"https:\/\/ibizamarinecharter.com\/boatpartyibiza\/?page_id=16"},"modified":"2025-05-08T19:32:41","modified_gmt":"2025-05-08T19:32:41","slug":"about-us","status":"publish","type":"page","link":"https:\/\/ibizamarinecharter.com\/boatpartyibiza\/about-us\/","title":{"rendered":"About"},"content":{"rendered":"\n<div class=\"wp-block-uagb-container uagb-block-4c3875af alignfull uagb-is-root-container\"><div class=\"uagb-container-inner-blocks-wrap\">\n<div class=\"wp-block-uagb-advanced-heading uagb-block-36237826\"><h1 class=\"uagb-heading-text\">Fiestas en Barco<\/h1><\/div>\n<\/div><\/div>\n\n\n\n<div class=\"wp-block-uagb-container uagb-block-5cf03063 alignfull uagb-is-root-container\"><div class=\"uagb-container-inner-blocks-wrap\">\n<div class=\"wp-block-uagb-image alignleft uagb-block-6d75d68d wp-block-uagb-image--layout-default wp-block-uagb-image--effect-static wp-block-uagb-image--align-left\"><figure class=\"wp-block-uagb-image__figure\"><img decoding=\"async\" srcset=\"https:\/\/ibizamarinecharter.com\/boatpartyibiza\/wp-content\/uploads\/2025\/05\/WhatsApp-Image-2025-05-05-at-12.55.07.jpeg , https:\/\/ibizamarinecharter.com\/boatpartyibiza\/wp-content\/uploads\/2025\/05\/WhatsApp-Image-2025-05-05-at-12.55.07.jpeg 360w\" sizes=\"auto, (max-width: 480px) 150px\" src=\"https:\/\/ibizamarinecharter.com\/boatpartyibiza\/wp-content\/uploads\/2025\/05\/WhatsApp-Image-2025-05-05-at-12.55.07.jpeg\" alt=\"\" class=\"uag-image-10\" width=\"575\" height=\"480\" title=\"\" loading=\"lazy\" role=\"img\"\/><\/figure><\/div>\n\n\n\n<div class=\"wp-block-uagb-container uagb-block-05150e62\">\n<div class=\"wp-block-uagb-advanced-heading uagb-block-b0bb1952\"><div class=\"uagb-heading-text\">Autenticidad Garantizada<\/div><\/div>\n\n\n\n<div class=\"wp-block-uagb-advanced-heading uagb-block-a2b3848d\"><h2 class=\"uagb-heading-text\">Nuestra Historia y Misi\u00f3n<\/h2><p class=\"uagb-desc-text\">Boat Party Ibiza, parte de Ibiza Marine Charter, ofrece fiestas exclusivas en la isla. Con m\u00e1s de 30 a\u00f1os de experiencia, garantizamos atenci\u00f3n personalizada y momentos inolvidables en el agua.<br><br>Fundada por amantes del mar y la fiesta, Boat Party Ibiza comenz\u00f3 como un sue\u00f1o en 1990, impulsado por la pasi\u00f3n por crear experiencias \u00fanicas para los visitantes de Ibiza.<\/p><\/div>\n<\/div>\n<\/div><\/div>\n\n\n\n<div class=\"wp-block-uagb-container uagb-block-edae5b83 alignfull uagb-is-root-container\"><div class=\"uagb-container-inner-blocks-wrap\">\n<div class=\"wp-block-uagb-advanced-heading uagb-block-64726181\"><div class=\"uagb-heading-text\">Nuestros Valores<\/div><\/div>\n\n\n\n<div class=\"wp-block-uagb-advanced-heading uagb-block-92588f0c\"><h2 class=\"uagb-heading-text\">Compromiso con la Calidad y Diversi\u00f3n<\/h2><\/div>\n\n\n\n<div class=\"wp-block-uagb-image aligncenter uagb-block-37f6c2f8 wp-block-uagb-image--layout-default wp-block-uagb-image--effect-static wp-block-uagb-image--align-center\"><figure class=\"wp-block-uagb-image__figure\"><img decoding=\"async\" srcset=\"https:\/\/ibizamarinecharter.com\/boatpartyibiza\/wp-content\/uploads\/2025\/05\/WhatsApp-Image-2025-05-05-at-12.55.06.jpeg ,https:\/\/ibizamarinecharter.com\/boatpartyibiza\/wp-content\/uploads\/2025\/05\/WhatsApp-Image-2025-05-05-at-12.55.06.jpeg 780w\" sizes=\"auto, (max-width: 480px) 150px\" src=\"https:\/\/ibizamarinecharter.com\/boatpartyibiza\/wp-content\/uploads\/2025\/05\/WhatsApp-Image-2025-05-05-at-12.55.06.jpeg\" alt=\"\" class=\"uag-image-6\" width=\"1200\" height=\"430\" title=\"\" loading=\"lazy\" role=\"img\"\/><\/figure><\/div>\n\n\n\n<div class=\"wp-block-uagb-container uagb-block-0f0fe2b0\">\n<div class=\"wp-block-uagb-advanced-heading uagb-block-a7766e3a\"><h3 class=\"uagb-heading-text\">Profesionalismo<\/h3><p class=\"uagb-desc-text\">Nuestro equipo altamente calificado se asegura de que cada fiesta se ejecute con precisi\u00f3n y atenci\u00f3n al detalle, para una experiencia inigualable.<\/p><\/div>\n\n\n\n<div class=\"wp-block-uagb-advanced-heading uagb-block-b78816fa\"><h3 class=\"uagb-heading-text\">Diversi\u00f3n<\/h3><p class=\"uagb-desc-text\">Nos dedicamos a crear un ambiente vibrante donde la diversi\u00f3n nunca se detiene, asegurando que cada cliente disfrute al m\u00e1ximo de su celebraci\u00f3n.<\/p><\/div>\n\n\n\n<div class=\"wp-block-uagb-advanced-heading uagb-block-a5c64964\"><h3 class=\"uagb-heading-text\">Atenci\u00f3n Personalizada<\/h3><p class=\"uagb-desc-text\">Cada evento es \u00fanico para nosotros. Escuchamos a nuestros clientes y adaptamos nuestras ofertas para satisfacer sus deseos y hacer su fiesta especial.<\/p><\/div>\n<\/div>\n<\/div><\/div>\n\n\n\n<div class=\"wp-block-uagb-container uagb-block-9caa1a47 alignfull uagb-is-root-container\"><div class=\"uagb-container-inner-blocks-wrap\">\n<div class=\"wp-block-uagb-advanced-heading uagb-block-1ed0e64e\"><div class=\"uagb-heading-text\">Comienza tu Fiesta<\/div><\/div>\n\n\n\n<div class=\"wp-block-uagb-advanced-heading uagb-block-3a57683f\"><h2 class=\"uagb-heading-text\">Reserva Tu Fiesta en Barco Hoy Mismo<\/h2><\/div>\n\n\n\n<div class=\"wp-block-uagb-buttons uagb-buttons__outer-wrap uagb-btn__default-btn uagb-btn-tablet__default-btn uagb-btn-mobile__default-btn uagb-block-9979be0d\"><div class=\"uagb-buttons__wrap uagb-buttons-layout-wrap \">\n<div class=\"wp-block-uagb-buttons-child uagb-buttons__outer-wrap uagb-block-84fd34e5 wp-block-button\"><div class=\"uagb-button__wrapper\"><a class=\"uagb-buttons-repeater wp-block-button__link\" aria-label=\"\" href=\"\/contact\/\" rel=\"follow noopener\" target=\"_self\"><div class=\"uagb-button__link\">Reserva Ahora<\/div><\/a><\/div><\/div>\n<\/div><\/div>\n\n\n\n<div class=\"wp-block-uagb-advanced-heading uagb-block-838a0a13\"><div class=\"uagb-separator\"><\/div><h3 class=\"uagb-heading-text\">Consulta gratuita? +34637875713<\/h3><\/div>\n<\/div><\/div>\n","protected":false},"excerpt":{"rendered":"<p>Fiestas en Barco Autenticidad Garantizada Nuestra Historia y Misi\u00f3n Boat Party Ibiza, parte de Ibiza Marine Charter, ofrece fiestas exclusivas [&hellip;]<\/p>\n","protected":false},"author":1,"featured_media":0,"parent":0,"menu_order":0,"comment_status":"closed","ping_status":"closed","template":"","meta":{"_uag_custom_page_level_css":"","site-sidebar-layout":"no-sidebar","site-content-layout":"plain-container","ast-site-content-layout":"full-width-container","site-content-style":"unboxed","site-sidebar-style":"unboxed","ast-global-header-display":"","ast-banner-title-visibility":"","ast-main-header-display":"","ast-hfb-above-header-display":"","ast-hfb-below-header-display":"","ast-hfb-mobile-header-display":"","site-post-title":"disabled","ast-breadcrumbs-content":"","ast-featured-img":"","footer-sml-layout":"","theme-transparent-header-meta":"","adv-header-id-meta":"","stick-header-meta":"","header-above-stick-meta":"","header-main-stick-meta":"","header-below-stick-meta":"","astra-migrate-meta-layouts":"set","ast-page-background-enabled":"default","ast-page-background-meta":{"desktop":{"background-color":"var(--ast-global-color-4)","background-image":"","background-repeat":"repeat","background-position":"center center","background-size":"auto","background-attachment":"scroll","background-type":"","background-media":"","overlay-type":"","overlay-color":"","overlay-opacity":"","overlay-gradient":""},"tablet":{"background-color":"","background-image":"","background-repeat":"repeat","background-position":"center center","background-size":"auto","background-attachment":"scroll","background-type":"","background-media":"","overlay-type":"","overlay-color":"","overlay-opacity":"","overlay-gradient":""},"mobile":{"background-color":"","background-image":"","background-repeat":"repeat","background-position":"center center","background-size":"auto","background-attachment":"scroll","background-type":"","background-media":"","overlay-type":"","overlay-color":"","overlay-opacity":"","overlay-gradient":""}},"ast-content-background-meta":{"desktop":{"background-color":"var(--ast-global-color-5)","background-image":"","background-repeat":"repeat","background-position":"center center","background-size":"auto","background-attachment":"scroll","background-type":"","background-media":"","overlay-type":"","overlay-color":"","overlay-opacity":"","overlay-gradient":""},"tablet":{"background-color":"var(--ast-global-color-5)","background-image":"","background-repeat":"repeat","background-position":"center center","background-size":"auto","background-attachment":"scroll","background-type":"","background-media":"","overlay-type":"","overlay-color":"","overlay-opacity":"","overlay-gradient":""},"mobile":{"background-color":"var(--ast-global-color-5)","background-image":"","background-repeat":"repeat","background-position":"center center","background-size":"auto","background-attachment":"scroll","background-type":"","background-media":"","overlay-type":"","overlay-color":"","overlay-opacity":"","overlay-gradient":""}},"footnotes":""},"class_list":["post-16","page","type-page","status-publish","hentry"],"uagb_featured_image_src":{"full":false,"thumbnail":false,"medium":false,"medium_large":false,"large":false,"1536x1536":false,"2048x2048":false},"uagb_author_info":{"display_name":"admin","author_link":"https:\/\/ibizamarinecharter.com\/boatpartyibiza\/author\/admin_7ocx1hfv\/"},"uagb_comment_info":0,"uagb_excerpt":"Fiestas en Barco Autenticidad Garantizada Nuestra Historia y Misi\u00f3n Boat Party Ibiza, parte de Ibiza Marine Charter, ofrece fiestas exclusivas [&hellip;]","_links":{"self":[{"href":"https:\/\/ibizamarinecharter.com\/boatpartyibiza\/wp-json\/wp\/v2\/pages\/16","targetHints":{"allow":["GET"]}}],"collection":[{"href":"https:\/\/ibizamarinecharter.com\/boatpartyibiza\/wp-json\/wp\/v2\/pages"}],"about":[{"href":"https:\/\/ibizamarinecharter.com\/boatpartyibiza\/wp-json\/wp\/v2\/types\/page"}],"author":[{"embeddable":true,"href":"https:\/\/ibizamarinecharter.com\/boatpartyibiza\/wp-json\/wp\/v2\/users\/1"}],"replies":[{"embeddable":true,"href":"https:\/\/ibizamarinecharter.com\/boatpartyibiza\/wp-json\/wp\/v2\/comments?post=16"}],"version-history":[{"count":3,"href":"https:\/\/ibizamarinecharter.com\/boatpartyibiza\/wp-json\/wp\/v2\/pages\/16\/revisions"}],"predecessor-version":[{"id":1555,"href":"https:\/\/ibizamarinecharter.com\/boatpartyibiza\/wp-json\/wp\/v2\/pages\/16\/revisions\/1555"}],"wp:attachment":[{"href":"https:\/\/ibizamarinecharter.com\/boatpartyibiza\/wp-json\/wp\/v2\/media?parent=16"}],"curies":[{"name":"wp","href":"https:\/\/api.w.org\/{rel}","templated":true}]}}